80*u - 1626344. Determine n(-52).
8
Let d(u) = 2*u**3 - 27*u**2 + 110*u - 372. Give d(19).
5689
Let j(p) = -5466*p - 355293. Determine j(-65).
-3
Let q(b) = -74296*b + 7875378. Determine q(106).
2
Let q(n) = -21519*n + 10286073. What is q(478)?
-9
Let o(f) = -139*f**2 - 3755*f - 69. Determine o(-27).
-15
Let n(k) = k**3 + 38*k**2 + 232*k + 42. What is n(-8)?
106
Let u(x) = 90*x**2 + 147*x - 99. Calculate u(-5).
1416
Let n(y) = -615585*y + 1846755. Give n(3).
0
Let o(q) = -2*q**3 + 111*q**2 + 4437*q - 7469. Give o(82).
-7
Let k(b) = -332*b**3 - 2*b**2 + 166*b - 166. Determine k(1).
-334
Let s(p) = 948*p + 346050. Determine s(-365).
30
Let q(j) = j**3 + 207*j**2 - 414*j + 979. What is q(-209)?
143
Let s(m) = -m**3 - 135*m**2 + 281*m + 560. Determine s(-137).
-399
Let m(p) = -2*p**3 - 1445*p**2 - 836*p - 82230. Give m(-722).
78
Let k(u) = -31*u**3 - 8714*u**2 - 844*u - 239. Calculate k(-281).
42
Let x(r) = r**3 - 25*r**2 + 148*r - 13. Determine x(19).
633
Let y(r) = 9068*r - 1178638. Give y(130).
202
Let l(t) = -t**3 + 9*t**2 - 309*t + 2489. Calculate l(8).
81
Let m(a) = 39373*a + 2047378. Give m(-52).
-18
Let k(w) = 2*w**2 - 52*w + 845. Determine k(13).
507
Let i(m) = -3*m**2 - 3164*m + 22204. Give i(7).
-91
Let v(o) = 38251*o + 152796. Give v(-4).
-208
Let c(v) = 28*v**2 + 128*v + 246. What is c(-2)?
102
Let p(q) = -1590*q + 19220. Give p(12).
140
Let g(w) = 2*w**3 - 90*w**2 - 292*w - 100. Calculate g(48).
-292
Let u(b) = 409*b**3 + 8*b**2 + 49*b + 42. What is u(-1)?
-408
Let t(z) = -z**3 + 178*z**2 - 358*z + 1060. Determine t(176).
4
Let o(f) = 2*f**3 - 29*f**2 - 734*f - 80. What is o(-13)?
167
Let k(i) = -i**3 - 57*i**2 + 473*i + 1600. What is k(-64)?
0
Let d(t) = -9*t**2 + 73*t + 256. Calculate d(-6).
-506
Let u(z) = 6735*z - 107905. What is u(16)?
-145
Let m(j) = 318*j**2 + 404*j - 29386. Calculate m(9).
8
Let g(k) = k**3 - 179*k**2 + 1384*k - 2720. What is g(171)?
16
Let x(m) = -m**2 + 179*m - 4282. Determine x(150).
68
Let m(t) = 3943*t + 240246. What is m(-61)?
-277
Let o(j) = -j**2 - 106861*j - 2884529. Give o(-27).
-11
Let q(o) = 3619*o + 54388. Calculate q(-15).
103
Let y(u) = 4660*u - 181. Determine y(0).
-181
Let j(d) = 19*d**2 - 404*d - 165. Calculate j(26).
2175
Let o(d) = 8*d**3 + 94*d**2 - 4*d + 182. Determine o(-12).
-58
Let t(o) = -6493*o - 181667. Determine t(-28).
137
Let b(y) = 6*y**3 - 2281*y**2 + 397*y - 6192. Calculate b(380).
268
Let y(f) = 10*f**2 - 1355*f - 12055. What is y(144)?
185
Let l(b) = -7394*b - 88786. Give l(-12).
-58
Let u(o) = -o**3 - 10*o**2 + 29*o + 24. What is u(-11)?
-174
Let q(g) = 26*g + 1211. What is q(-34)?
327
Let x(s) = 4*s**2 - 64*s - 2221. Calculate x(34).
227
Let v(l) = 2*l**2 + 164*l - 5956. Give v(28).
204
Let s(x) = 4734*x + 85201. Determine s(-18).
-11
Let m(g) = 7774*g - 23744. Determine m(3).
-422
Let w(h) = -1077*h - 571922. What is w(-531)?
-35
Let j(i) = -i**2 - 19406*i + 233037. What is j(12)?
21
Let t(h) = 9*h**2 - 161*h - 95. Determine t(15).
-485
Let y(d) = 223*d**2 + 150*d - 4. Determine y(-1).
69
Let m(g) = 2*g**2 - 208842*g + 7098310. What is m(34)?
-6
Let w(g) = -6*g**2 + 1060*g + 343. Determine w(177).
-11
Let g(w) = -172278*w + 1033668. Calculate g(6).
0
Let b(o) = o**3 - 168*o**2 + 4711*o - 7442. Determine b(133).
6
Let x(m) = 2*m**3 + 164*m**2 - 160*m + 488. Determine x(-83).
-10
Let b(g) = -g**3 - 139*g**2 - 1220*g - 1378. What is b(-130)?
5122
Let b(c) = 631*c - 59549. Give b(95).
396
Let y(j) = -294*j**2 + 892*j + 44. What is y(3)?
74
Let s(n) = -34*n**2 + 6878*n - 2059. Calculate s(202).
-39
Let k(p) = p**3 - 46*p**2 - 142*p + 11642. Give k(43).
-11
Let h(u) = u**2 - 384*u + 32236. Calculate h(270).
1456
Let a(w) = -2*w**3 + 84*w**2 - 425*w - 447. Calculate a(7).
8
Let p(m) = 19*m**3 - 1271*m**2 - 143*m + 331. What is p(67)?
-272
Let m(v) = v**3 + 89*v**2 + 74*v + 6503. Determine m(-89).
-83
Let i(g) = g**3 - 25*g**2 - 654*g + 16286. Calculate i(24).
14
Let h(i) = -7655*i + 15272. Give h(2).
-38
Let g(i) = -9554*i**2 + 47756*i + 57. Give g(5).
-13
Let l(r) = 1160916*r + 37149309. Calculate l(-32).
-3
Let o(r) = -r**3 - 15*r**2 - 1121*r - 7754. Calculate o(-7).
-299
Let s(v) = -15119*v - 30546. Calculate s(-2).
-308
Let c(f) = f**3 + 38*f**2 + 335*f + 246. Determine c(-12).
-30
Let g(b) = -2*b**3 + 196*b**2 - 4036*b - 1318. What is g(30)?
2
Let i(l) = -l**2 - 386*l - 3432. Calculate i(-377).
-39
Let r(q) = q**3 + 33*q**2 + 285*q + 333. Calculate r(-13).
8
Let k(i) = 9*i**2 + 55*i + 105. What is k(-4)?
29
Let t(u) = 2*u**2 + 279*u - 23764. Calculate t(-200).
436
Let j(h) = h**2 - 1282*h + 6375. What is j(5)?
-10
Let b(z) = -z**3 + 13*z**2 + 1434*z + 15207. Give b(-15).
-3
Let s(t) = -t**3 - 13*t**2 + 60*t - 19. What is s(-15)?
-469
Let p(t) = 198*t**2 + 3759*t - 52. Give p(-19).
5
Let t(s) = 3*s**3 + 25*s**2 + 43*s + 294. What is t(-6)?
288
Let g(n) = -1651*n - 123805. What is g(-75)?
20
Let m(w) = -14*w**2 + 3244*w - 25852. Determine m(8).
-796
Let l(x) = -19*x**3 - 5*x**2 + 10*x - 7. Calculate l(2).
-159
Let l(f) = -97050*f + 3396670. Determine l(35).
-80
Let k(r) = -8*r**2 - 20*r + 139. Determine k(0).
139
Let r(o) = 62317*o + 1370982. Calculate r(-22).
8
Let p(a) = 4*a**2 + 2148*a - 287746. Give p(-648).
-34
Let h(l) = l**3 + 222*l**2 - 56847*l - 455. Give h(-374).
-829
Let p(y) = -102*y**3 - y**2 + 18*y - 16. Determine p(1).
-101
Let m(n) = 3*n**2 - 1495*n - 21277. Determine m(-14).
241
Let q(l) = -546*l**2 - 3848*l + 26. Determine q(-7).
208
Let f(v) = 2*v**3 - 434*v**2 - 4053*v - 3397. Give f(226).
-7
Let x(w) = 825*w**2 - 72602*w + 170. Give x(88).
-6
Let f(k) = 2414*k + 7209. Determine f(-3).
-33
Let j(u) = -u**3 + 135*u**2 - 777*u + 390. Give j(129).
3
Let d(c) = -19285*c - 462831. Give d(-24).
9
Let a(p) = -p**3 + 16*p**2 - 2700*p + 37350. Calculate a(14).
-58
Let v(b) = -919*b - 108864. Calculate v(-117).
-1341
Let q(u) = -1635*u + 343293. Determine q(210).
-57
Let c(o) = 984*o - 200569. Determine c(204).
167
Let a(p) = p**3 + 64*p**2 + 186*p + 4186. Calculate a(-62).
342
Let k(t) = -447727*t - 447728. What is k(-1)?
-1
Let f(i) = -i**3 + 1365*i**2 + 5218*i + 353159. Calculate f(1369).
-43
Let j(u) = 8*u**3 + 152*u**2 - 1737*u + 6. Calculate j(8).
-66
Let a(x) = 1630*x + 27711. What is a(-17)?
1
Let j(x) = 1624*x + 68195. What is j(-42)?
-13
Let s(i) = -2*i**3 - 123*i**2 + 59*i - 466. Give s(-62).
-280
Let s(b) = -536*b - 43886. What is s(-82)?
66
Let p(k) = k**3 + 23*k**2 + 18*k + 86. What is p(-20)?
926
Let c(p) = 2085*p + 9841. Determine c(-5).
-584
Let z(h) = h**2 + 449*h + 36513. Give z(-108).
-315
Let r(g) = 7*g**3 + 48*g**2 - 74*g - 123. Calculate r(-8).
-43
Let p(q) = -3*q**2 + 302*q - 123. What is p(100)?
77
Let b(d) = -27*d - 1702. Calculate b(-41).
-595
Let k(v) = -52*v**2 - 2138*v - 243. Determine k(-41).
3
Let h(c) = 593*c + 25427. Give h(-43).
-72
Let u(q) = -565*q**3 + 18*q**2 + 54*q - 72. Determine u(1).
-565
Let s(z) = -31*z**3 - 4*z**2 + 308*z + 306. What is s(-1)?
25
Let i(w) = -136*w + 14260. Determine i(110).
-700
Let n(f) = 14*f**2 + 775*f + 7279. What is n(-12)?
-5
Let z(s) = -207*s + 47867. Calculate z(230).
257
Let g(u) = -u**3 + 139*u**2 - 775*u + 13990. What is g(134)?
-80
Let y(d) = 2*d**3 + 128*d**2 + 1600*d + 97. What is y(-47)?
3
Let b(l) = l**3 + 37*l**2 + 2578*l + 35865. Determine b(-16).
-7
Let h(o) = 116*o**2 - 1552*o + 78. Give h(14).
1086
Let o(x) = 2*x**2 + 746*x + 66312. Calculate o(-147).
-132
Let j(s) = 3*s**2 - 1191*s - 26328. What is j(-21)?
6
Let n(w) = -3*w**2 - 64*w + 740. Determine n(8).
36
Let i(s) = 2*s**3 - 84*s**2 - 271*s + 42. Calculate i(45).
-3
Let g(p) = -5270*p - 437383. Give g(-83).
27
Let r(q) = 43599*q - 130821. Calculate r(3).
-24
Let s(f) = -f**3 + 269*f**2 + 3155*f - 20996. Give s(280).
4
Let p(x) = 17193*x - 928282. Calculate p(54).
140
Let h(i) = -i**2 + 897*i + 44338. Give h(-47).
-30
Let v(h) = -159*h**3 + 418807*h**2 - 2620*h - 36870. Calculate v(2634).
6
Let i(u) = -202*u**2 - 403*u - 12. What is i(-2)?
-14
Let q(d) = 5*d**3 + 19*d**2 - 130*d - 515. Determine q(-5).
-15
Let y(x) = 26*x**3 - 544*x**2 - 48*x + 3. What is y(21)?
-123
Let q(y) = 5212*y - 65110. Give q(13).
2646
Let p(k) = k**3 - 7*k**2 - 1209*k + 8462. Give p(7).
-1
Let i(p) = -140*p - 2435. What is i(-31)?
1905
Let r(g) = 3